.
13
Calculate the remainder when 52173 is divided by 123.
21
Calculate the remainder when 8238 is divided by 284.
2
What is the remainder when 50125 is divided by 4550?
75
Calculate the remainder when 24836 is divided by 395.
346
Calculate the remainder when 5609 is divided by 181.
179
Calculate the remainder when 159171 is divided by 222.
219
What is the remainder when 19103 is divided by 9546?
11
Calculate the remainder when 6533 is divided by 2052.
377
Calculate the remainder when 23451 is divided by 194.
171
What is the remainder when 5670 is divided by 195?
15
What is the remainder when 555 is divided by 320?
235
Calculate the remainder when 586 is divided by 130.
66
Calculate the remainder when 38016 is divided by 3152.
192
Calculate the remainder when 4569 is divided by 1297.
678
Calculate the remainder when 1235 is divided by 205.
5
Calculate the remainder when 12157 is divided by 270.
7
Calculate the remainder when 27059 is divided by 9006.
41
Calculate the remainder when 86786 is divided by 38.
32
What is the remainder when 4873 is divided by 59?
35
What is the remainder when 40641 is divided by 20284?
73
What is the remainder when 25717 is divided by 33?
10
What is the remainder when 32762 is divided by 6539?
67
Calculate the remainder when 17198 is divided by 614.
6
What is the remainder when 2729 is divided by 38?
31
What is the remainder when 17642 is divided by 163?
38
What is the remainder when 877263 is divided by 207?
204
Calculate the remainder when 312706 is divided by 72.
10
Calculate the remainder when 4311 is divided by 334.
303
What is the remainder when 34223 is divided by 4865?
168
Calculate the remainder when 36166 is divided by 36155.
11
Calculate the remainder when 3770 is divided by 269.
4
What is the remainder when 2473 is divided by 2453?
20
What is the remainder when 4488822 is divided by 33?
30
What is the remainder when 18543 is divided by 807?
789
What is the remainder when 117786 is divided by 11?
9
What is the remainder when 2367 is divided by 30?
27
Calculate the remainder when 90879 is divided by 27.
24
Calculate the remainder when 27611 is divided by 336.
59
What is the remainder when 3185213 is divided by 634?
631
What is the remainder when 315 is divided by 43?
14
What is the remainder when 20963 is divided by 35?
33
What is the remainder when 54098 is divided by 3175?
123
What is the remainder when 75976 is divided by 2170?
26
What is the remainder when 11226 is divided by 1592?
82
What is the remainder when 2919 is divided by 2890?
29
What is the remainder when 150329 is divided by 413?
410
What is the remainder when 4024 is divided by 25?
24
What is the remainder when 870055 is divided by 1020?
1015
What is the remainder when 954208 is divided by 873?
19
What is the remainder when 1304168 is divided by 123?
122
Calculate the remainder when 33413 is divided by 696.
5
What is the remainder when 18779 is divided by 11?
2
Calculate the remainder when 22188 is divided by 261.
3
Calculate the remainder when 55640 is divided by 21.
11
Calculate the remainder when 138086 is divided by 197.
186
What is the remainder when 5852 is divided by 955?
122
Calculate the remainder when 1284 is divided by 290.
124
What is the remainder when 26268 is divided by 8720?
108
What is the remainder when 1731653 is divided by 34?
33
Calculate the remainder when 25699 is divided by 25694.
5
What is the remainder when 891 is divided by 398?
95
Calculate the remainder when 877832 is divided by 428.
4
Calculate the remainder when 95695 is divided by 221.
2
What is the remainder when 4095533 is divided by 454?
453
Calculate the remainder when 286919 is divided by 16.
7
What is the remainder when 111167 is divided by 42?
35
Calculate the remainder when 2669 is divided by 1292.
85
Calculate the remainder when 2640 is divided by 343.
239
What is the remainder when 4256 is divided by 99?
98
What is the remainder when 10490 is divided by 1498?
4
What is the remainder when 1653 is divided by 384?
117
What is the remainder when 5879 is divided by 653?
2
What is the remainder when 29214 is divided by 10?
4
What is the remainder when 10135 is divided by 1310?
965
What is the remainder when 89897 is divided by 25?
22
What is the remainder when 61888 is divided by 83?
53
What is the remainder when 18200 is divided by 5939?
383
What is the remainder when 623587 is divided by 56?
27
What is the remainder when 6510 is divided by 717?
57
Calculate the remainder when 737950 is divided by 34.
14
What is the remainder when 8235 is divided by 39?
6
What is the remainder when 180975 is divided by 973?
970
Calculate the remainder when 95284 is divided by 2886.
46
Calculate the remainder when 90881 is divided by 733.
722
What is the remainder when 27363 is divided by 304?
3
What is the remainder when 14036 is divided by 11?
0
Calculate the remainder when 5323 is divided by 191.
166
Calculate the remainder when 352309 is divided by 189.
13
Calculate the remainder when 5718 is divided by 90.
48
Calculate the remainder when 43429 is divided by 1094.
763
What is the remainder when 6441 is divided by 1583?
109
Calculate the remainder when 41826 is divided by 21.
15
What is the remainder when 2526 is divided by 1327?
1199
What is the remainder when 37091 is divided by 28?
19
What is the remainder when 19901 is divided by 6466?
503
What is the remainder when 744930 is divided by 88?
10
Calculate the remainder when 30447 is divided by 422.
63
Calculate the remainder when 855 is divided by 60.
15
Calculate the remainder when 14613 is divided by 2219.
1299
What is the remainder when 303 is divided by 41?
16
What is the remainder when 9599 is divided by 31?
20
Calculate the remainder when 11055 is divided by 1.
0
What is the remainder when 13504 is divided by 35?
29
What is the remainder when 2055 is divided by 15?
0
What is the remainder when 523843 is divided by 5?
3
What is the remainder when 6881 is divided by 172?
1
What is the remainder when 11838 is divided by 37?
35
What is the remainder when 2884 is divided by 554?
114
Calculate the remainder when 9217 is divided by 1528.
49
What is the remainder when 160 is divided by 68?
24
Calculate the remainder when 62987 is divided by 58.
57
What is the remainder when 14524 is divided by 7144?
236
What is the remainder when 9514 is divided by 4730?
54
What is the remainder when 155406 is divided by 553?
13
Calculate the remainder when 13917 is divided by 2317.
15
What is the remainder when 31997 is divided by 400?
397
Calculate the remainder when 204232 is divided by 102113.
6
What is the remainder when 250913 is divided by 38?
37
What is the remainder when 104250 is divided by 83?
2
Calculate the remainder when 907 is divided by 52.
23
What is the remainder when 7424 is divided by 31?
15
What is the remainder when 5022340 is divided by 68?
64
Calculate the remainder when 610423 is divided by 602.
597
What is the remainder when 18484 is divided by 84?
4
What is the remainder when 376514 is divided by 1043?
1034
Calculate the remainder when 1205659 is divided by 230.
229
What is the remainder when 9748 is divided by 607?
36
Calculate the remainder when 49766 is divided by 9952.
6
What is the remainder when 89418 is divided by 35?
28
Calculate the remainder when 2795 is divided by 610.
355
What is the remainder when 16468 is divided by 5434?
166
What is the remainder when 1437 is divided by 525?
387
What is the remainder when 26149 is divided by 259?
249
What is the remainder when 16822 is divided by 1825?
397
Calculate the remainder when 1262 is divided by 612.
38
What is the remainder when 3291 is divided by 718?
419
What is the remainder when 67137 is divided by 93?
84
Calculate the remainder when 192 is divided by 136.
56
What is the remainder when 5641 is divided by 155?
61
Calculate the remainder when 20545 is divided by 978.
7
What is the remainder when 44319 is divided by 37?
30
What is the remainder when 14213 is divided by 435?
293
What is the remainder when 16803 is divided by 231?
171
What is the remainder when 4959 is divided by 72?
63
What is the remainder when 8160 is divided by 41?
1
Calculate the remainder when 43674 is divided by 575.
549
Calculate the remainder when 23324 is divided by 7769.